 -1010100111?
-1010100011
In base 9, what is 2 + 268482?
268484
In base 3, what is -2010210 - -11020?
-1222120
In base 3, what is 210000 - 2001?
200222
In base 15, what is 3 + -5669a?
-56697
In base 9, what is 22 + 37281?
37313
In base 8, what is -1137 + 67?
-1050
In base 15, what is -54 - 4a?
-9e
In base 3, what is 1111 + -11021120?
-11020002
In base 13, what is -15 - -10ab?
1096
In base 7, what is 431436 + 5?
431444
In base 5, what is -4023130 + 10?
-4023120
In base 4, what is -30103 + 133333?
103230
In base 7, what is -161303 - -2?
-161301
In base 15, what is -6 + 15c4c6?
15c4c0
In base 16, what is -2c - 393b?
-3967
In base 11, what is -226 - -48a1?
4676
In base 5, what is 1 + -221244141?
-221244140
In base 10, what is 161 - 106?
55
In base 13, what is 2 - -ba20?
ba22
In base 16, what is -14d - 81e?
-96b
In base 14, what is -b + 3a63?
3a56
In base 7, what is -1335 + 61?
-1244
In base 12, what is 30043 - 2?
30041
In base 8, what is 2653 - 152?
2501
In base 7, what is -13446413 - -1?
-13446412
In base 4, what is 22032 - -1110?
23202
In base 13, what is -165b + -7?
-1665
In base 8, what is -24 + -600226?
-600252
In base 3, what is 1002 - -20022000?
20100002
In base 8, what is 27 + -752?
-723
In base 3, what is 12 - 20000012?
-20000000
In base 10, what is 1 - -54620?
54621
In base 7, what is 11116 + -103?
11013
In base 14, what is c + 126bc?
126ca
In base 6, what is 215 + -2502?
-2243
In base 6, what is -3130212 + 10?
-3130202
In base 10, what is -4789 + 3?
-4786
In base 4, what is 10302 + 23332?
100300
In base 14, what is -3196 - 3?
-3199
In base 2, what is -10110100100 + -101?
-10110101001
In base 2, what is 10110010110 - 1000000010?
1110010100
In base 16, what is a315 + c?
a321
In base 5, what is 2 - 10222212?
-10222210
In base 16, what is -1 - -1f308?
1f307
In base 6, what is 1 + 2405503?
2405504
In base 13, what is a - cc2a?
-cc20
In base 11, what is 12 + -421a?
-4208
In base 3, what is -1111101 - 10202?
-1122010
In base 15, what is -16 - 78bca?
-78be1
In base 12, what is 4b7 - 1717?
-1220
In base 2, what is 1011010 + -1011100111?
-1010001101
In base 2, what is 1 - -1110111011100001?
1110111011100010
In base 12, what is a7 + -21b?
-134
In base 16, what is -3 - 1a67?
-1a6a
In base 3, what is -1011 + -111100?
-112111
In base 13, what is -1363 + 1?
-1362
In base 5, what is 34004 - 144?
33310
In base 8, what is 1 - -171606?
171607
In base 2, what is -1100 - -1010100100010?
1010100010110
In base 2, what is -11010011111001 + -110001011?
-11011010000100
In base 8, what is -476430 + 5?
-476423
In base 11, what is -233 - 148?
-380
In base 13, what is 7ca + -25?
7a5
In base 5, what is -43 - 43221?
-43314
In base 4, what is -323112 - -302?
-322210
In base 4, what is -22 + -101103?
-101131
In base 14, what is -4 - 33b98?
-33b9c
In base 12, what is 1183b - 2?
11839
In base 12, what is -30673 + -2?
-30675
In base 11, what is -804 - 7a?
-883
In base 12, what is -97 - 52?
-129
In base 11, what is -49947 - 10?
-49957
In base 5, what is 23201 + 20?
23221
In base 13, what is b - 25312?
-25304
In base 8, what is 73274 - 0?
73274
In base 13, what is 52 + -147b?
-1429
In base 9, what is 23326 + -2?
23324
In base 16, what is -1 + -6981?
-6982
In base 12, what is -29932 - -5?
-29929
In base 8, what is -47232126 - -1?
-47232125
In base 3, what is 21011 + 112000?
210011
In base 9, what is 4434 + 211?
4645
In base 5, what is 10 - 103323231?
-103323221
In base 5, what is 10 - 32441322?
-32441312
In base 7, what is 52124 + 36?
52163
In base 8, what is 4 + -20202?
-20176
In base 16, what is 297 - 21?
276
In base 13, what is -41ab + -8a?
-4268
In base 4, what is -13 + -30303331?
-30310010
In base 8, what is 14453 + -25?
14426
In base 14, what is -da1b + 3c?
-d9bd
In base 2, what is 110 - -101010100110111100?
101010100111000010
In base 7, what is 15154462 + 1?
15154463
In base 6, what is 13000153 - 4?
13000145
In base 11, what is 8 + -312?
-305
In base 9, what is -76748 - -4?
-76744
In base 8, what is -54 + -120672?
-120746
In base 13, what is 134 - 174?
-40
In base 8, what is 422 + 6164?
6606
In base 4, what is -3 - 100121211?
-100121220
In base 15, what is 29 + -7c9a?
-7c71
In base 2, what is 10101010 + 10011101001000?
10011111110010
In base 12, what is -31 + -124b?
-1280
In base 9, what is -72 - -43?
-28
In base 10, what is -14841 - -6?
-14835
In base 5, what is -3 + 10013140?
10013132
In base 10, what is 1857 + 6?
1863
In base 10, what is -114933 + 7?
-114926
In base 16, what is 5 + 3c316?
3c31b
In base 8, what is 4 + 131117?
131123
In base 8, what is 125 + -1155?
-1030
In base 15, what is -8cc + -c40?
-161c
In base 2, what is 10011000101100000 - 0?
10011000101100000
In base 4, what is -13311212 + -201?
-13312013
In base 4, what is -313000 + -3?
-313003
In base 2, what is 100000111 + 110111000101?
111011001100
In base 6, what is -3 - -1131231?
1131224
In base 16, what is -5 + -169df?
-169e4
In base 13, what is c586 + -34?
c552
In base 15, what is 15181 - -5?
15186
In base 7, what is 443036 - 36?
443000
In base 16, what is -15c + -3a?
-196
In base 12, what is -614 - 66?
-67a
In base 16, what is 2 + -8b2?
-8b0
In base 12, what is 394 - 200?
194
In base 4, what is 10233332 + -1210?
10232122
In base 7, what is -35040 - -4?
-35033
In base 15, what is 3 + ab21?
ab24
In base 2, what is -101100111110 + -11001?
-101101010111
In base 3, what is -200 - -21212002?
21211102
In base 10, what is 28 - -6045?
6073
In base 10, what is 6873 + 7?
6880
In base 14, what is -16 - -38bd?
38a7
In base 9, what is -11 + 2?
-8
In base 3, what is 11 + -2122210210002?
-2122210202221
In base 4, what is -13200203 + 1233?
-13132310
In base 10, what is 585 - -746?
1331
In base 13, what is -33 - -2691?
265b
In base 2, what is 1011010101111011 + -1010?
1011010101110001
In base 13, what is 2117a + 2?
2117c
In base 15, what is 4 - -123ca?
123ce
In base 5, what is 32 + 1331442?
1332024
In base 3, what is -10121111 + 2?
-10121102
In base 2, what is -11011 + -11001010001?
-11001101100
In base 3, what is 2010 + -20002012?
-20000002
In base 6, what is 333 - 1510?
-1133
In base 16, what is -9 + 51fb?
51f2
In base 5, what is 24111 + 12?
24123
In base 13, what is 46 - -1061?
10a7
In base 14, what is 14 - c8a8?
-c894
In base 13, what is aab33 - -1?
aab34
In base 9, what is 3 - 104473?
-104470
In base 3, what is 121 - -200100000?
200100121
In base 12, what is -52a87 - -3?
-52a84
In base 13, what is 8 - -887?
892
In base 6, what is -11355450 + 0?
-11355450
In base 5, what is 343040 - 1?
343034
In base 14, what is 23 + 239a7?
239ca
In base 12, what is -1 - -14178?
14177
In base 8, what is 55174 - -123?
55317
In base 10, what is -11 + -792?
-803
In base 10, what is 13288 - 201?
13087
In base 12, what is -12 + -97212?
-97224
In base 6, what is 104115 - 202?
103513
In base 5, what is -41121334 + 0?
-41121334
In base 5, what is 13424 + -3243?
10131
In base 2, what is 1010000011010001 - 1?
1010000011010000
In base 11, what is 117a30 + -3?
117a28
In base 6, what is -222554 + 322?
-222232
In base 13, what is 1814c + -3?
18149
In base 13, what is 337 - -481?
7b8
In base 2, what is 10 + 110100111110100100?
110100111110100110
In base 5, what is -3014122 - 1?
-3014123
In base 7, what is -1303 - -10?
-1263
In base 4, what is 0 - 10332311?
-10332311
In base 16, what is -7 + 1b2e?
1b27
In base 11, what is -15828 - 4?
-15831
In base 12, what is 198b - aa7?
aa4
In base 13, what is -1 - -529?
528
In base 12, what is -2 + 549?
547
In base 13, what is 48079 - 1?
48078
In base 7, what is 6302 - 31?
6241
In base 8, what is -11570 - -1113?
-10455
In base 2, what is -110 + -10010101101?
-10010110011
In base 11, what is 4 - 203787?
-203783
In base 3, what is -1 + 10012?
10011
In base 2, what is -100 + 10001000100001111?
10001000100001011
In base 7, what is 2614663 - 3?
2614660
In base 6, what is 14231 - 140?
14051
In base 6, what is 351 - -10253?
11044
In base 2, what is 1101000011010110000 - -1?
1101000011010110001
In base 4, what is 1001 - 1301?
-300
In base 3, what is -221100220 - 1?
-221100221
In base 12, what is -1990 + -a2?
-1a72
In base 14, what is 5 + -3ac1?
-3aba
In base 2, what is 100001011100 + 1011?
100001100111
In base 9, what is -4 + -1187?
-1202
In base 5, what is -3112 + -4?
-3121
In base 11, what is -12a997 + 6?
-12a9